{"id":96,"date":"2017-08-08T15:27:40","date_gmt":"2017-08-08T13:27:40","guid":{"rendered":"https:\/\/www.yoomaz.com\/photographe\/?page_id=96"},"modified":"2018-09-25T14:47:06","modified_gmt":"2018-09-25T12:47:06","slug":"tarifs","status":"publish","type":"page","link":"https:\/\/www.yoomaz.com\/photographe\/tarifs\/","title":{"rendered":"Tarifs"},"content":{"rendered":"<h1 style=\"text-align:center;\">Une politique de tarif \u00e9conomique et unique<\/h1>\n<p style=\"text-align:center;\">Yoomaz veut vous offrir un service innovant et \u00e9conomique afin de d\u00e9velopper votre activit\u00e9<\/p>\n<p style=\"text-align:center;\">Les tarifs de Yoomaz sont simples:<\/p>\n<h2 style=\"text-align:center;\">Yoomaz pr\u00e9l\u00e8ve une commission de <span style=\"color:#800080;\">6%TTC<\/span> sur le chiffre des ventes r\u00e9alis\u00e9es par l&rsquo;\u00e9tablissement scolaire<\/h2>\n<p>Une commission de 1,4% et 0,25\u20ac sont pr\u00e9lev\u00e9s par notre partenaire Stripe sur chaque transaction par Carte bancaire<\/p>\n<h2 style=\"text-align:center;\">Les avantages<\/h2>\n<p style=\"text-align:center;\">Une tarification claire<\/p>\n<p style=\"text-align:center;\">Pas de frais annexes de traitement<\/p>\n<p style=\"text-align:center;\">Pas d&rsquo;abonnement<\/p>\n<p style=\"text-align:center;\">Choix libre de votre laboratoire d&rsquo;impression et de vos partenaires<\/p>\n","protected":false},"excerpt":{"rendered":"<p>Une politique de tarif \u00e9conomique et unique Yoomaz veut vous offrir un service innovant et \u00e9conomique afin de d\u00e9velopper votre activit\u00e9 Les tarifs de Yoomaz sont simples: Yoomaz pr\u00e9l\u00e8ve une commission de 6%TTC sur le chiffre des ventes r\u00e9alis\u00e9es par l&rsquo;\u00e9tablissement scolaire Une commission de 1,4% et 0,25\u20ac sont pr\u00e9lev\u00e9s par notre partenaire Stripe sur <a href=\"https:\/\/www.yoomaz.com\/photographe\/tarifs\/\" rel=\"nofollow\"><span class=\"sr-only\">En savoir plus surTarifs<\/span>[&hellip;]<\/a><\/p>\n","protected":false},"author":1,"featured_media":0,"parent":0,"menu_order":0,"comment_status":"closed","ping_status":"closed","template":"","meta":{"footnotes":""},"class_list":["post-96","page","type-page","status-publish","hentry"],"_links":{"self":[{"href":"https:\/\/www.yoomaz.com\/photographe\/wp-json\/wp\/v2\/pages\/96","targetHints":{"allow":["GET"]}}],"collection":[{"href":"https:\/\/www.yoomaz.com\/photographe\/wp-json\/wp\/v2\/pages"}],"about":[{"href":"https:\/\/www.yoomaz.com\/photographe\/wp-json\/wp\/v2\/types\/page"}],"author":[{"embeddable":true,"href":"https:\/\/www.yoomaz.com\/photographe\/wp-json\/wp\/v2\/users\/1"}],"replies":[{"embeddable":true,"href":"https:\/\/www.yoomaz.com\/photographe\/wp-json\/wp\/v2\/comments?post=96"}],"version-history":[{"count":6,"href":"https:\/\/www.yoomaz.com\/photographe\/wp-json\/wp\/v2\/pages\/96\/revisions"}],"predecessor-version":[{"id":187,"href":"https:\/\/www.yoomaz.com\/photographe\/wp-json\/wp\/v2\/pages\/96\/revisions\/187"}],"wp:attachment":[{"href":"https:\/\/www.yoomaz.com\/photographe\/wp-json\/wp\/v2\/media?parent=96"}],"curies":[{"name":"wp","href":"https:\/\/api.w.org\/{rel}","templated":true}]}}