{"id":43,"date":"2017-08-08T13:27:41","date_gmt":"2017-08-08T11:27:41","guid":{"rendered":"https:\/\/www.yoomaz.com\/photographe\/?page_id=43"},"modified":"2017-08-08T15:07:14","modified_gmt":"2017-08-08T13:07:14","slug":"yoomaz-parents","status":"publish","type":"page","link":"https:\/\/www.yoomaz.com\/photographe\/yoomaz-parents\/","title":{"rendered":"Yoomaz parents"},"content":{"rendered":"<h1 style=\"text-align: center;\">Une interface intuitive et ergonomique<\/h1>\n<p style=\"text-align: center;\">Yoomaz vous propose une interface intuitive et ergonomique pour faciliter la prise de commande des photographies scolaires<\/p>\n<h2 style=\"text-align: center;\"><span style=\"color: #800080;\"><a href=\"https:\/\/yoomaz.com\">Acc\u00e9der \u00e0 votre espace<\/a><\/span><\/h2>\n<hr \/>\n<h2 style=\"text-align: center;\">La carte parent<\/h2>\n<p style=\"text-align: center;\">L&rsquo;\u00e9cole distribue \u00e0 chaque \u00e9l\u00e8ve une carte individuelle contenant:<\/p>\n<p style=\"text-align: center;\">Un lien de connexion<\/p>\n<p style=\"text-align: center;\">Un identifiant<\/p>\n<p style=\"text-align: center;\">Un mot de passe<\/p>\n<p><a href=\"https:\/\/www.yoomaz.com\/photographe\/\"><img loading=\"lazy\" decoding=\"async\" class=\"aligncenter wp-image-48 \" src=\"https:\/\/www.yoomaz.com\/photographe\/wp-content\/uploads\/2017\/08\/carte-parent-yoomaz-211x300.jpg\" alt=\"Carte parent yoomaz\" width=\"131\" height=\"186\" srcset=\"https:\/\/www.yoomaz.com\/photographe\/wp-content\/uploads\/2017\/08\/carte-parent-yoomaz-211x300.jpg 211w, https:\/\/www.yoomaz.com\/photographe\/wp-content\/uploads\/2017\/08\/carte-parent-yoomaz.jpg 413w\" sizes=\"auto, (max-width: 131px) 100vw, 131px\" \/><\/a><\/p>\n<h2><\/h2>\n<hr \/>\n<h2 style=\"text-align: center;\">Connexion<\/h2>\n<p style=\"text-align: center;\">Les parents se connectent chez eux depuis un support connect\u00e9 (PC, Tablette, smartphone)<\/p>\n<p><a href=\"https:\/\/yoomaz.com\"><img loading=\"lazy\" decoding=\"async\" class=\"bordure aligncenter wp-image-47 size-medium\" src=\"https:\/\/www.yoomaz.com\/photographe\/wp-content\/uploads\/2017\/08\/\u00e9cran-de-connexion-yoomaz-169x300.jpg\" alt=\"Ecran de connexion yoomaz\" width=\"169\" height=\"300\" srcset=\"https:\/\/www.yoomaz.com\/photographe\/wp-content\/uploads\/2017\/08\/\u00e9cran-de-connexion-yoomaz-169x300.jpg 169w, https:\/\/www.yoomaz.com\/photographe\/wp-content\/uploads\/2017\/08\/\u00e9cran-de-connexion-yoomaz.jpg 303w\" sizes=\"auto, (max-width: 169px) 100vw, 169px\" \/><\/a><\/p>\n<hr \/>\n<h2 style=\"text-align: center;\">Commander mes photos<\/h2>\n<p style=\"text-align: center;\">Les parents passent commande des diff\u00e9rents produits sur une interface ergonomique adapt\u00e9e \u00e0 tous les supports<\/p>\n<p><img loading=\"lazy\" decoding=\"async\" class=\"bordure aligncenter wp-image-49 size-medium\" src=\"https:\/\/www.yoomaz.com\/photographe\/wp-content\/uploads\/2017\/08\/commande-yoomaz-300x186.jpg\" alt=\"Commande Yoomaz\" width=\"300\" height=\"186\" srcset=\"https:\/\/www.yoomaz.com\/photographe\/wp-content\/uploads\/2017\/08\/commande-yoomaz-300x186.jpg 300w, https:\/\/www.yoomaz.com\/photographe\/wp-content\/uploads\/2017\/08\/commande-yoomaz-768x477.jpg 768w, https:\/\/www.yoomaz.com\/photographe\/wp-content\/uploads\/2017\/08\/commande-yoomaz-1024x636.jpg 1024w, https:\/\/www.yoomaz.com\/photographe\/wp-content\/uploads\/2017\/08\/commande-yoomaz.jpg 1529w\" sizes=\"auto, (max-width: 300px) 100vw, 300px\" \/><\/p>\n<hr \/>\n<h2 style=\"text-align: center;\">Paiement<\/h2>\n<p style=\"text-align: center;\">Paiement Enti\u00e8rement s\u00e9curis\u00e9 par Carte Bancaire ou ch\u00e8que\/esp\u00e8ces<\/p>\n<h2 style=\"text-align: center;\"><\/h2>\n<hr \/>\n<h2 style=\"text-align: center;\">Livraison<\/h2>\n<p style=\"text-align: center;\">Les photos sont remises aux parents par l&rsquo;\u00e9tablissement scolaire.<\/p>\n<h2 style=\"text-align: center;\"><a href=\"https:\/\/yoomaz.com\">Acc\u00e9der \u00e0 votre espace<\/a><\/h2>\n","protected":false},"excerpt":{"rendered":"<p>Une interface intuitive et ergonomique Yoomaz vous propose une interface intuitive et ergonomique pour faciliter la prise de commande des photographies scolaires Acc\u00e9der \u00e0 votre espace La carte parent L&rsquo;\u00e9cole distribue \u00e0 chaque \u00e9l\u00e8ve une carte individuelle contenant: Un lien de connexion Un identifiant Un mot de passe Connexion Les parents se connectent chez eux <a href=\"https:\/\/www.yoomaz.com\/photographe\/yoomaz-parents\/\" rel=\"nofollow\"><span class=\"sr-only\">En savoir plus surYoomaz parents<\/span>[&hellip;]<\/a><\/p>\n","protected":false},"author":1,"featured_media":0,"parent":0,"menu_order":0,"comment_status":"closed","ping_status":"closed","template":"template-fullwidth.php","meta":{"footnotes":""},"class_list":["post-43","page","type-page","status-publish","hentry"],"_links":{"self":[{"href":"https:\/\/www.yoomaz.com\/photographe\/wp-json\/wp\/v2\/pages\/43","targetHints":{"allow":["GET"]}}],"collection":[{"href":"https:\/\/www.yoomaz.com\/photographe\/wp-json\/wp\/v2\/pages"}],"about":[{"href":"https:\/\/www.yoomaz.com\/photographe\/wp-json\/wp\/v2\/types\/page"}],"author":[{"embeddable":true,"href":"https:\/\/www.yoomaz.com\/photographe\/wp-json\/wp\/v2\/users\/1"}],"replies":[{"embeddable":true,"href":"https:\/\/www.yoomaz.com\/photographe\/wp-json\/wp\/v2\/comments?post=43"}],"version-history":[{"count":11,"href":"https:\/\/www.yoomaz.com\/photographe\/wp-json\/wp\/v2\/pages\/43\/revisions"}],"predecessor-version":[{"id":88,"href":"https:\/\/www.yoomaz.com\/photographe\/wp-json\/wp\/v2\/pages\/43\/revisions\/88"}],"wp:attachment":[{"href":"https:\/\/www.yoomaz.com\/photographe\/wp-json\/wp\/v2\/media?parent=43"}],"curies":[{"name":"wp","href":"https:\/\/api.w.org\/{rel}","templated":true}]}}